{"id":241,"date":"2020-08-24T10:00:59","date_gmt":"2020-08-24T08:00:59","guid":{"rendered":"http:\/\/phigall.be\/?page_id=241"},"modified":"2022-08-11T10:13:04","modified_gmt":"2022-08-11T08:13:04","slug":"agenda-2020-2021","status":"publish","type":"page","link":"https:\/\/phigall.be\/index.php\/agenda-2020-2021\/","title":{"rendered":"Le Met(t)re (2021)"},"content":{"rendered":"\n<div class=\"wp-block-image is-style-default\"><figure class=\"aligncenter size-large is-resized\"><img loading=\"lazy\" src=\"http:\/\/phigall.be\/wp-content\/uploads\/2021\/05\/IMG_0118-edited.jpg\" alt=\"\" class=\"wp-image-294\" width=\"384\" height=\"384\" srcset=\"https:\/\/phigall.be\/wp-content\/uploads\/2021\/05\/IMG_0118-edited.jpg 1430w, https:\/\/phigall.be\/wp-content\/uploads\/2021\/05\/IMG_0118-edited-300x300.jpg 300w, https:\/\/phigall.be\/wp-content\/uploads\/2021\/05\/IMG_0118-edited-1024x1024.jpg 1024w, https:\/\/phigall.be\/wp-content\/uploads\/2021\/05\/IMG_0118-edited-150x150.jpg 150w, https:\/\/phigall.be\/wp-content\/uploads\/2021\/05\/IMG_0118-edited-768x768.jpg 768w\" sizes=\"(max-width: 384px) 100vw, 384px\" \/><figcaption>copyright: Elsa Gallez<\/figcaption><\/figure><\/div>\n\n\n\n<div class=\"wp-block-group\"><div class=\"wp-block-group__inner-container\">\n<div class=\"wp-block-group\"><div class=\"wp-block-group__inner-container\">\n<p><em><strong>LE MET(T)RE !<\/strong>&nbsp;est un projet de performance m\u00ealant le mouvement et les arts textiles autour de la question de la distance sociale\/spatiale.&nbsp;<\/em><\/p>\n\n\n\n<p class=\"has-text-align-left\"><br>R\u00e9cemment, nos gouvernements nous ont impos\u00e9 de respecter une distance physique entre nous afin de nous prot\u00e9ger du COVID-19. Un m\u00e8tre et demi. 150 cm. Une mesure drastique. Nos sens en sont boulevers\u00e9s. Nous ne touchons plus la peau de l&#8217;autre, ne sentons plus son odeur, ne distinguons plus son visage et n&#8217;entendons plus clairement sa voix. Comment vivons-nous ces distances \u00e0 travers nos corps ? Quels souvenirs allons-nous en garder ? Comment nos danses spontan\u00e9es, qui, par essence, se jouent des distances physiques, peuvent-elles se faire l&#8217;\u00e9cho de ce nouveau v\u00e9cu ?<br>Ces questions sont au c\u0153ur du projet&nbsp;<strong>LE MET(T)RE!<\/strong>&nbsp;et seront pos\u00e9es et pr\u00e9sent\u00e9es au public \u00e0 cinq reprises sous diff\u00e9rentes formes. Au terme de chaque module, un compte-rendu des diff\u00e9rentes explorations dans\u00e9es et des cr\u00e9ations textiles r\u00e9alis\u00e9es sera capt\u00e9 par vid\u00e9o. Les 4 vid\u00e9os et les diff\u00e9rentes \u0153uvres textiles seront int\u00e9gr\u00e9es \u00e0 l&#8217;\u0153uvre finale pr\u00e9sent\u00e9e \u00e0 l&#8217;Ancienne ferme de la Brasserie Allard-Groetembril \u00e0 Guignies dans le cadre du festival&nbsp;<a href=\"https:\/\/artville.tournai.be\/\">l&#8217;Art dans la Ville<\/a> (num\u00e9ro 38 du catalogue).<\/p>\n\n\n\n<p><em>Avec&nbsp;Anna Lawan, vid\u00e9aste.<br><\/em><\/p>\n\n\n\n<p><strong>Programme<\/strong><\/p>\n\n\n\n<ul><li>21.04&nbsp;&#8211;&nbsp;<em>La danse s&#8217;invite au mus\u00e9e<\/em>&nbsp;&#8211; Performance au c\u0153ur de l&#8217;exposition permanente de TAMAT.&nbsp;<\/li><li>05 &gt; 06.06 &#8211;&nbsp;<em><a href=\"http:\/\/www.tamat.be\/fr\/Expositions\/Activites\/Workshop_-_Dansons_la_distance___\/\">Dansons la distance<\/a>&nbsp;<\/em>&#8211; Workshop adulte<\/li><li>3, 10, 17.06&nbsp;&#8211; <em>De la danse et des masques <\/em>&#8211;&nbsp;Workshop pour public sp\u00e9cifique<\/li><li>12 &gt; 16.07 &#8211;&nbsp;<em><a href=\"http:\/\/www.tamat.be\/fr\/Expositions\/Activites\/Stage_Ado_-_A_150_cm_et_trois_plis_de_nous___\/\">A 150 cm et trois plis de nous<\/a><\/em>&nbsp;&#8211; Stage adolescents (annul\u00e9)<\/li><li>2 &gt; 24.10 &#8211; Exposition AILLEURS dans l&#8217;Ancienne ferme de la Brasserie Allard-Groetembril, 30, rue de la Brasserie, 7620 Guignies.<\/li><\/ul>\n\n\n\n<p><\/p>\n\n\n\n<p><strong>Lieu<\/strong><\/p>\n\n\n\n<p>Ancienne ferme de la Brasserie Allard-Groetembril, 30, rue de la Brasserie, 7620 Guignies<\/p>\n\n\n\n<p><\/p>\n\n\n\n<p>Dates<\/p>\n\n\n\n<p>Sa. et Dim. 2-3; 9-10; 16-17 et 23-24 octobre 2021, 14-18h.<\/p>\n\n\n\n<p><\/p>\n\n\n\n<p>Ce projet est soutenu par la F\u00e9d\u00e9ration Wallonie-Bruxelles dans le cadre d&#8217;\u00abUn futur pour la culture\u00bb, TAMAT &#8211; Mus\u00e9e de la Tapisserie et des Arts textiles et Quint&amp;Sens (Marion Trentesaux).<\/p>\n<\/div><\/div>\n<\/div><\/div>\n\n\n\n<figure class=\"wp-block-image size-large\"><img loading=\"lazy\" width=\"709\" height=\"293\" src=\"http:\/\/phigall.be\/wp-content\/uploads\/2021\/10\/thumbnail_GUIGNIES-1.jpg\" alt=\"\" class=\"wp-image-325\" srcset=\"https:\/\/phigall.be\/wp-content\/uploads\/2021\/10\/thumbnail_GUIGNIES-1.jpg 709w, https:\/\/phigall.be\/wp-content\/uploads\/2021\/10\/thumbnail_GUIGNIES-1-300x124.jpg 300w\" sizes=\"(max-width: 709px) 100vw, 709px\" \/><\/figure>\n\n\n\n<figure class=\"wp-block-gallery columns-3 is-cropped\"><ul class=\"blocks-gallery-grid\"><li class=\"blocks-gallery-item\"><figure><img loading=\"lazy\" width=\"1024\" height=\"683\" src=\"http:\/\/phigall.be\/wp-content\/uploads\/2021\/10\/DSC02081-1024x683.jpg\" alt=\"\" data-id=\"322\" data-link=\"http:\/\/phigall.be\/index.php\/agenda-2020-2021\/dsc02081\/\" class=\"wp-image-322\" srcset=\"https:\/\/phigall.be\/wp-content\/uploads\/2021\/10\/DSC02081-1024x683.jpg 1024w, https:\/\/phigall.be\/wp-content\/uploads\/2021\/10\/DSC02081-300x200.jpg 300w, https:\/\/phigall.be\/wp-content\/uploads\/2021\/10\/DSC02081-768x512.jpg 768w, https:\/\/phigall.be\/wp-content\/uploads\/2021\/10\/DSC02081-1536x1024.jpg 1536w, https:\/\/phigall.be\/wp-content\/uploads\/2021\/10\/DSC02081-2048x1365.jpg 2048w\" sizes=\"(max-width: 1024px) 100vw, 1024px\" \/><\/figure><\/li><li class=\"blocks-gallery-item\"><figure><img loading=\"lazy\" width=\"1024\" height=\"683\" src=\"http:\/\/phigall.be\/wp-content\/uploads\/2021\/10\/DSC02068-1024x683.jpg\" alt=\"\" data-id=\"323\" data-link=\"http:\/\/phigall.be\/index.php\/agenda-2020-2021\/dsc02068\/\" class=\"wp-image-323\" srcset=\"https:\/\/phigall.be\/wp-content\/uploads\/2021\/10\/DSC02068-1024x683.jpg 1024w, https:\/\/phigall.be\/wp-content\/uploads\/2021\/10\/DSC02068-300x200.jpg 300w, https:\/\/phigall.be\/wp-content\/uploads\/2021\/10\/DSC02068-768x512.jpg 768w, https:\/\/phigall.be\/wp-content\/uploads\/2021\/10\/DSC02068-1536x1024.jpg 1536w, https:\/\/phigall.be\/wp-content\/uploads\/2021\/10\/DSC02068-2048x1365.jpg 2048w\" sizes=\"(max-width: 1024px) 100vw, 1024px\" \/><\/figure><\/li><li class=\"blocks-gallery-item\"><figure><img loading=\"lazy\" width=\"683\" height=\"1024\" src=\"http:\/\/phigall.be\/wp-content\/uploads\/2021\/10\/DSC02056-683x1024.jpg\" alt=\"\" data-id=\"324\" data-full-url=\"http:\/\/phigall.be\/wp-content\/uploads\/2021\/10\/DSC02056-scaled.jpg\" data-link=\"http:\/\/phigall.be\/index.php\/agenda-2020-2021\/dsc02056\/\" class=\"wp-image-324\" srcset=\"https:\/\/phigall.be\/wp-content\/uploads\/2021\/10\/DSC02056-683x1024.jpg 683w, https:\/\/phigall.be\/wp-content\/uploads\/2021\/10\/DSC02056-200x300.jpg 200w, https:\/\/phigall.be\/wp-content\/uploads\/2021\/10\/DSC02056-768x1152.jpg 768w, https:\/\/phigall.be\/wp-content\/uploads\/2021\/10\/DSC02056-1024x1536.jpg 1024w, https:\/\/phigall.be\/wp-content\/uploads\/2021\/10\/DSC02056-1365x2048.jpg 1365w, https:\/\/phigall.be\/wp-content\/uploads\/2021\/10\/DSC02056-scaled.jpg 1707w\" sizes=\"(max-width: 683px) 100vw, 683px\" \/><\/figure><\/li><\/ul><\/figure>\n\n\n\n<figure class=\"wp-block-embed-youtube wp-block-embed is-type-video is-provider-youtube wp-embed-aspect-16-9 wp-has-aspect-ratio\"><div class=\"wp-block-embed__wrapper\">\n<iframe title=\"Performance Dansons les distances - 21 avril 2021 - TAMAT - Tournai\" width=\"660\" height=\"371\" src=\"https:\/\/www.youtube.com\/embed\/NZh6O9qwe84?feature=oembed\" frameborder=\"0\" allow=\"accelerometer; autoplay; clipboard-write; encrypted-media; gyroscope; picture-in-picture\" allowfullscreen><\/iframe>\n<\/div><\/figure>\n\n\n\n<figure class=\"wp-block-embed-youtube wp-block-embed is-type-video is-provider-youtube wp-embed-aspect-16-9 wp-has-aspect-ratio\"><div class=\"wp-block-embed__wrapper\">\n<iframe title=\"Performance - Dansons les distances - 6 juin 2021 - Parc H\u00f4tel de Ville Tournai\" width=\"660\" height=\"371\" src=\"https:\/\/www.youtube.com\/embed\/YzpShBFTZEk?feature=oembed\" frameborder=\"0\" allow=\"accelerometer; autoplay; clipboard-write; encrypted-media; gyroscope; picture-in-picture\" allowfullscreen><\/iframe>\n<\/div><\/figure>\n\n\n\n<figure class=\"wp-block-embed-youtube wp-block-embed is-type-video is-provider-youtube wp-embed-aspect-16-9 wp-has-aspect-ratio\"><div class=\"wp-block-embed__wrapper\">\n<iframe title=\"Performance - Dansons les distances - 17 juin 2021 - Parc de l&#039;H\u00f4tel de Ville Tournai\" width=\"660\" height=\"371\" src=\"https:\/\/www.youtube.com\/embed\/rL7bcM3Eyrg?feature=oembed\" frameborder=\"0\" allow=\"accelerometer; autoplay; clipboard-write; encrypted-media; gyroscope; picture-in-picture\" allowfullscreen><\/iframe>\n<\/div><\/figure>\n\n\n\n<figure class=\"wp-block-gallery columns-3 is-cropped\"><ul class=\"blocks-gallery-grid\"><li class=\"blocks-gallery-item\"><figure><img loading=\"lazy\" width=\"1024\" height=\"768\" src=\"http:\/\/phigall.be\/wp-content\/uploads\/2021\/06\/IMG_9353-1024x768.jpg\" alt=\"\" data-id=\"310\" data-full-url=\"http:\/\/phigall.be\/wp-content\/uploads\/2021\/06\/IMG_9353-scaled.jpg\" data-link=\"http:\/\/phigall.be\/index.php\/agenda-2020-2021\/img_9353\/\" class=\"wp-image-310\" srcset=\"https:\/\/phigall.be\/wp-content\/uploads\/2021\/06\/IMG_9353-1024x768.jpg 1024w, https:\/\/phigall.be\/wp-content\/uploads\/2021\/06\/IMG_9353-300x225.jpg 300w, https:\/\/phigall.be\/wp-content\/uploads\/2021\/06\/IMG_9353-768x576.jpg 768w, https:\/\/phigall.be\/wp-content\/uploads\/2021\/06\/IMG_9353-1536x1152.jpg 1536w, https:\/\/phigall.be\/wp-content\/uploads\/2021\/06\/IMG_9353-2048x1536.jpg 2048w\" sizes=\"(max-width: 1024px) 100vw, 1024px\" \/><\/figure><\/li><li class=\"blocks-gallery-item\"><figure><img loading=\"lazy\" width=\"1024\" height=\"768\" src=\"http:\/\/phigall.be\/wp-content\/uploads\/2021\/06\/IMG_9346-1024x768.jpg\" alt=\"\" data-id=\"311\" data-full-url=\"http:\/\/phigall.be\/wp-content\/uploads\/2021\/06\/IMG_9346-scaled.jpg\" data-link=\"http:\/\/phigall.be\/index.php\/agenda-2020-2021\/img_9346\/\" class=\"wp-image-311\" srcset=\"https:\/\/phigall.be\/wp-content\/uploads\/2021\/06\/IMG_9346-1024x768.jpg 1024w, https:\/\/phigall.be\/wp-content\/uploads\/2021\/06\/IMG_9346-300x225.jpg 300w, https:\/\/phigall.be\/wp-content\/uploads\/2021\/06\/IMG_9346-768x576.jpg 768w, https:\/\/phigall.be\/wp-content\/uploads\/2021\/06\/IMG_9346-1536x1152.jpg 1536w, https:\/\/phigall.be\/wp-content\/uploads\/2021\/06\/IMG_9346-2048x1536.jpg 2048w\" sizes=\"(max-width: 1024px) 100vw, 1024px\" \/><\/figure><\/li><li class=\"blocks-gallery-item\"><figure><img loading=\"lazy\" width=\"1024\" height=\"768\" src=\"http:\/\/phigall.be\/wp-content\/uploads\/2021\/06\/IMG_9341-1024x768.jpg\" alt=\"\" data-id=\"312\" data-full-url=\"http:\/\/phigall.be\/wp-content\/uploads\/2021\/06\/IMG_9341-scaled.jpg\" data-link=\"http:\/\/phigall.be\/index.php\/agenda-2020-2021\/img_9341\/\" class=\"wp-image-312\" srcset=\"https:\/\/phigall.be\/wp-content\/uploads\/2021\/06\/IMG_9341-1024x768.jpg 1024w, https:\/\/phigall.be\/wp-content\/uploads\/2021\/06\/IMG_9341-300x225.jpg 300w, https:\/\/phigall.be\/wp-content\/uploads\/2021\/06\/IMG_9341-768x576.jpg 768w, https:\/\/phigall.be\/wp-content\/uploads\/2021\/06\/IMG_9341-1536x1152.jpg 1536w, https:\/\/phigall.be\/wp-content\/uploads\/2021\/06\/IMG_9341-2048x1536.jpg 2048w\" sizes=\"(max-width: 1024px) 100vw, 1024px\" \/><\/figure><\/li><li class=\"blocks-gallery-item\"><figure><img loading=\"lazy\" width=\"1024\" height=\"768\" src=\"http:\/\/phigall.be\/wp-content\/uploads\/2021\/06\/IMG_9338-1024x768.jpg\" alt=\"\" data-id=\"313\" data-full-url=\"http:\/\/phigall.be\/wp-content\/uploads\/2021\/06\/IMG_9338-scaled.jpg\" data-link=\"http:\/\/phigall.be\/index.php\/agenda-2020-2021\/img_9338\/\" class=\"wp-image-313\" srcset=\"https:\/\/phigall.be\/wp-content\/uploads\/2021\/06\/IMG_9338-1024x768.jpg 1024w, https:\/\/phigall.be\/wp-content\/uploads\/2021\/06\/IMG_9338-300x225.jpg 300w, https:\/\/phigall.be\/wp-content\/uploads\/2021\/06\/IMG_9338-768x576.jpg 768w, https:\/\/phigall.be\/wp-content\/uploads\/2021\/06\/IMG_9338-1536x1152.jpg 1536w, https:\/\/phigall.be\/wp-content\/uploads\/2021\/06\/IMG_9338-2048x1536.jpg 2048w\" sizes=\"(max-width: 1024px) 100vw, 1024px\" \/><\/figure><\/li><\/ul><\/figure>\n\n\n\n<figure class=\"wp-block-gallery columns-4 is-cropped\"><ul class=\"blocks-gallery-grid\"><li class=\"blocks-gallery-item\"><figure><img loading=\"lazy\" width=\"225\" height=\"300\" src=\"http:\/\/phigall.be\/wp-content\/uploads\/2021\/05\/IMG-0015-225x300.jpg\" alt=\"\" data-id=\"296\" data-full-url=\"http:\/\/phigall.be\/wp-content\/uploads\/2021\/05\/IMG-0015.jpg\" data-link=\"http:\/\/phigall.be\/index.php\/agenda-2020-2021\/img-0015\/\" class=\"wp-image-296\" srcset=\"https:\/\/phigall.be\/wp-content\/uploads\/2021\/05\/IMG-0015-225x300.jpg 225w, https:\/\/phigall.be\/wp-content\/uploads\/2021\/05\/IMG-0015-768x1025.jpg 768w, https:\/\/phigall.be\/wp-content\/uploads\/2021\/05\/IMG-0015-1151x1536.jpg 1151w, https:\/\/phigall.be\/wp-content\/uploads\/2021\/05\/IMG-0015.jpg 1536w\" sizes=\"(max-width: 225px) 100vw, 225px\" \/><\/figure><\/li><li class=\"blocks-gallery-item\"><figure><img loading=\"lazy\" width=\"225\" height=\"300\" src=\"http:\/\/phigall.be\/wp-content\/uploads\/2021\/05\/IMG-0107-225x300.jpg\" alt=\"\" data-id=\"303\" data-full-url=\"http:\/\/phigall.be\/wp-content\/uploads\/2021\/05\/IMG-0107.jpg\" data-link=\"http:\/\/phigall.be\/index.php\/agenda-2020-2021\/img-0107\/\" class=\"wp-image-303\" srcset=\"https:\/\/phigall.be\/wp-content\/uploads\/2021\/05\/IMG-0107-225x300.jpg 225w, https:\/\/phigall.be\/wp-content\/uploads\/2021\/05\/IMG-0107-768x1025.jpg 768w, https:\/\/phigall.be\/wp-content\/uploads\/2021\/05\/IMG-0107-1151x1536.jpg 1151w, https:\/\/phigall.be\/wp-content\/uploads\/2021\/05\/IMG-0107.jpg 1536w\" sizes=\"(max-width: 225px) 100vw, 225px\" \/><\/figure><\/li><li class=\"blocks-gallery-item\"><figure><img loading=\"lazy\" width=\"169\" height=\"300\" src=\"http:\/\/phigall.be\/wp-content\/uploads\/2021\/05\/IMG-0021-169x300.jpg\" alt=\"\" data-id=\"297\" data-full-url=\"http:\/\/phigall.be\/wp-content\/uploads\/2021\/05\/IMG-0021-scaled.jpg\" data-link=\"http:\/\/phigall.be\/index.php\/agenda-2020-2021\/img-0021\/\" class=\"wp-image-297\" srcset=\"https:\/\/phigall.be\/wp-content\/uploads\/2021\/05\/IMG-0021-169x300.jpg 169w, https:\/\/phigall.be\/wp-content\/uploads\/2021\/05\/IMG-0021-576x1024.jpg 576w, https:\/\/phigall.be\/wp-content\/uploads\/2021\/05\/IMG-0021-768x1366.jpg 768w, https:\/\/phigall.be\/wp-content\/uploads\/2021\/05\/IMG-0021-864x1536.jpg 864w, https:\/\/phigall.be\/wp-content\/uploads\/2021\/05\/IMG-0021-1152x2048.jpg 1152w, https:\/\/phigall.be\/wp-content\/uploads\/2021\/05\/IMG-0021-scaled.jpg 1440w\" sizes=\"(max-width: 169px) 100vw, 169px\" \/><\/figure><\/li><li class=\"blocks-gallery-item\"><figure><img loading=\"lazy\" width=\"225\" height=\"300\" src=\"http:\/\/phigall.be\/wp-content\/uploads\/2021\/05\/IMG-0042-225x300.jpg\" alt=\"\" data-id=\"298\" data-full-url=\"http:\/\/phigall.be\/wp-content\/uploads\/2021\/05\/IMG-0042.jpg\" data-link=\"http:\/\/phigall.be\/index.php\/agenda-2020-2021\/img-0042\/\" class=\"wp-image-298\" srcset=\"https:\/\/phigall.be\/wp-content\/uploads\/2021\/05\/IMG-0042-225x300.jpg 225w, https:\/\/phigall.be\/wp-content\/uploads\/2021\/05\/IMG-0042-768x1025.jpg 768w, https:\/\/phigall.be\/wp-content\/uploads\/2021\/05\/IMG-0042-1151x1536.jpg 1151w, https:\/\/phigall.be\/wp-content\/uploads\/2021\/05\/IMG-0042.jpg 1536w\" sizes=\"(max-width: 225px) 100vw, 225px\" \/><\/figure><\/li><li class=\"blocks-gallery-item\"><figure><img loading=\"lazy\" width=\"300\" height=\"225\" src=\"http:\/\/phigall.be\/wp-content\/uploads\/2021\/05\/IMG-0048-300x225.jpg\" alt=\"\" data-id=\"299\" data-full-url=\"http:\/\/phigall.be\/wp-content\/uploads\/2021\/05\/IMG-0048.jpg\" data-link=\"http:\/\/phigall.be\/index.php\/agenda-2020-2021\/img-0048\/\" class=\"wp-image-299\" srcset=\"https:\/\/phigall.be\/wp-content\/uploads\/2021\/05\/IMG-0048-300x225.jpg 300w, https:\/\/phigall.be\/wp-content\/uploads\/2021\/05\/IMG-0048-1024x768.jpg 1024w, https:\/\/phigall.be\/wp-content\/uploads\/2021\/05\/IMG-0048-768x576.jpg 768w, https:\/\/phigall.be\/wp-content\/uploads\/2021\/05\/IMG-0048-1536x1151.jpg 1536w\" sizes=\"(max-width: 300px) 100vw, 300px\" \/><\/figure><\/li><li class=\"blocks-gallery-item\"><figure><img loading=\"lazy\" width=\"225\" height=\"300\" src=\"http:\/\/phigall.be\/wp-content\/uploads\/2021\/05\/IMG-0057-225x300.jpg\" alt=\"\" data-id=\"300\" data-full-url=\"http:\/\/phigall.be\/wp-content\/uploads\/2021\/05\/IMG-0057.jpg\" data-link=\"http:\/\/phigall.be\/index.php\/agenda-2020-2021\/img-0057\/\" class=\"wp-image-300\" srcset=\"https:\/\/phigall.be\/wp-content\/uploads\/2021\/05\/IMG-0057-225x300.jpg 225w, https:\/\/phigall.be\/wp-content\/uploads\/2021\/05\/IMG-0057-768x1025.jpg 768w, https:\/\/phigall.be\/wp-content\/uploads\/2021\/05\/IMG-0057-1151x1536.jpg 1151w, https:\/\/phigall.be\/wp-content\/uploads\/2021\/05\/IMG-0057.jpg 1536w\" sizes=\"(max-width: 225px) 100vw, 225px\" \/><\/figure><\/li><li class=\"blocks-gallery-item\"><figure><img loading=\"lazy\" width=\"225\" height=\"300\" src=\"http:\/\/phigall.be\/wp-content\/uploads\/2021\/05\/IMG-0079-225x300.jpg\" alt=\"\" data-id=\"301\" data-full-url=\"http:\/\/phigall.be\/wp-content\/uploads\/2021\/05\/IMG-0079.jpg\" data-link=\"http:\/\/phigall.be\/index.php\/agenda-2020-2021\/img-0079\/\" class=\"wp-image-301\" srcset=\"https:\/\/phigall.be\/wp-content\/uploads\/2021\/05\/IMG-0079-225x300.jpg 225w, https:\/\/phigall.be\/wp-content\/uploads\/2021\/05\/IMG-0079-768x1025.jpg 768w, https:\/\/phigall.be\/wp-content\/uploads\/2021\/05\/IMG-0079-1151x1536.jpg 1151w, https:\/\/phigall.be\/wp-content\/uploads\/2021\/05\/IMG-0079.jpg 1536w\" sizes=\"(max-width: 225px) 100vw, 225px\" \/><\/figure><\/li><li class=\"blocks-gallery-item\"><figure><img loading=\"lazy\" width=\"225\" height=\"300\" src=\"http:\/\/phigall.be\/wp-content\/uploads\/2021\/05\/IMG-0087-225x300.jpg\" alt=\"\" data-id=\"302\" data-full-url=\"http:\/\/phigall.be\/wp-content\/uploads\/2021\/05\/IMG-0087.jpg\" data-link=\"http:\/\/phigall.be\/index.php\/agenda-2020-2021\/img-0087\/\" class=\"wp-image-302\" srcset=\"https:\/\/phigall.be\/wp-content\/uploads\/2021\/05\/IMG-0087-225x300.jpg 225w, https:\/\/phigall.be\/wp-content\/uploads\/2021\/05\/IMG-0087-768x1025.jpg 768w, https:\/\/phigall.be\/wp-content\/uploads\/2021\/05\/IMG-0087-1151x1536.jpg 1151w, https:\/\/phigall.be\/wp-content\/uploads\/2021\/05\/IMG-0087.jpg 1536w\" sizes=\"(max-width: 225px) 100vw, 225px\" \/><\/figure><\/li><li class=\"blocks-gallery-item\"><figure><img loading=\"lazy\" width=\"300\" height=\"225\" src=\"http:\/\/phigall.be\/wp-content\/uploads\/2021\/05\/IMG-0120-300x225.jpg\" alt=\"\" data-id=\"304\" data-full-url=\"http:\/\/phigall.be\/wp-content\/uploads\/2021\/05\/IMG-0120.jpg\" data-link=\"http:\/\/phigall.be\/index.php\/agenda-2020-2021\/img-0120\/\" class=\"wp-image-304\" srcset=\"https:\/\/phigall.be\/wp-content\/uploads\/2021\/05\/IMG-0120-300x225.jpg 300w, https:\/\/phigall.be\/wp-content\/uploads\/2021\/05\/IMG-0120-1024x768.jpg 1024w, https:\/\/phigall.be\/wp-content\/uploads\/2021\/05\/IMG-0120-768x576.jpg 768w, https:\/\/phigall.be\/wp-content\/uploads\/2021\/05\/IMG-0120-1536x1151.jpg 1536w\" sizes=\"(max-width: 300px) 100vw, 300px\" \/><\/figure><\/li><li class=\"blocks-gallery-item\"><figure><img loading=\"lazy\" width=\"225\" height=\"300\" src=\"http:\/\/phigall.be\/wp-content\/uploads\/2021\/05\/IMG-0123-225x300.jpg\" alt=\"\" data-id=\"305\" data-full-url=\"http:\/\/phigall.be\/wp-content\/uploads\/2021\/05\/IMG-0123.jpg\" data-link=\"http:\/\/phigall.be\/index.php\/agenda-2020-2021\/img-0123\/\" class=\"wp-image-305\" srcset=\"https:\/\/phigall.be\/wp-content\/uploads\/2021\/05\/IMG-0123-225x300.jpg 225w, https:\/\/phigall.be\/wp-content\/uploads\/2021\/05\/IMG-0123-768x1025.jpg 768w, https:\/\/phigall.be\/wp-content\/uploads\/2021\/05\/IMG-0123-1151x1536.jpg 1151w, https:\/\/phigall.be\/wp-content\/uploads\/2021\/05\/IMG-0123.jpg 1536w\" sizes=\"(max-width: 225px) 100vw, 225px\" \/><\/figure><\/li><\/ul><\/figure>\n","protected":false},"excerpt":{"rendered":"","protected":false},"author":1,"featured_media":0,"parent":0,"menu_order":0,"comment_status":"closed","ping_status":"closed","template":"","meta":{"hide_page_title":""},"_links":{"self":[{"href":"https:\/\/phigall.be\/index.php\/wp-json\/wp\/v2\/pages\/241"}],"collection":[{"href":"https:\/\/phigall.be\/index.php\/wp-json\/wp\/v2\/pages"}],"about":[{"href":"https:\/\/phigall.be\/index.php\/wp-json\/wp\/v2\/types\/page"}],"author":[{"embeddable":true,"href":"https:\/\/phigall.be\/index.php\/wp-json\/wp\/v2\/users\/1"}],"replies":[{"embeddable":true,"href":"https:\/\/phigall.be\/index.php\/wp-json\/wp\/v2\/comments?post=241"}],"version-history":[{"count":15,"href":"https:\/\/phigall.be\/index.php\/wp-json\/wp\/v2\/pages\/241\/revisions"}],"predecessor-version":[{"id":338,"href":"https:\/\/phigall.be\/index.php\/wp-json\/wp\/v2\/pages\/241\/revisions\/338"}],"wp:attachment":[{"href":"https:\/\/phigall.be\/index.php\/wp-json\/wp\/v2\/media?parent=241"}],"curies":[{"name":"wp","href":"https:\/\/api.w.org\/{rel}","templated":true}]}}