{"id":28,"date":"2020-01-28T16:32:55","date_gmt":"2020-01-28T15:32:55","guid":{"rendered":"http:\/\/phigall.be\/?page_id=28"},"modified":"2025-09-24T17:39:22","modified_gmt":"2025-09-24T15:39:22","slug":"a-propos","status":"publish","type":"page","link":"https:\/\/phigall.be\/index.php\/a-propos\/","title":{"rendered":"A propos."},"content":{"rendered":"\n<pre class=\"wp-block-preformatted\">Docteure en histoire, \nsp\u00e9cialiste en histoire des femmes \net passionn\u00e9e par les r\u00e9cits de vie;\n\nForm\u00e9e en danse classique et contemporaine, \ninspir\u00e9e par l'improvisation dans\u00e9e \net la cr\u00e9ation chor\u00e9graphique, \ntouch\u00e9e par la m\u00e9thode F.M Alexander \net form\u00e9e comme \u00e9ducatrice somatique par le mouvement (Body Mind Centering\u00ae);\n\nArtiste textile autodidacte, \ncurieuse, inventive et obstin\u00e9e;\n\nM\u00e8re de quatre magnifiques enfants;\n\nJe refuse de choisir \nentre mon cerveau gauche et mon cerveau droit. \nJe propose ateliers et cr\u00e9ations, \nAvec vents et mar\u00e9es.<\/pre>\n\n\n\n<pre class=\"wp-block-preformatted\">\"Moi, je veux tout, tout de suite, \n- et que ce soit entier - ou alors je refuse ! \nJe ne veux pas \u00eatre modeste, moi, \net me contenter d'un petit morceau \nsi j'ai \u00e9t\u00e9 bien sage. \nJe veux \u00eatre s\u00fbre de tout aujourd'hui \net que cela soit aussi beau \nque quand j'\u00e9tais petite - ou mourir.\" \nAntigone, Jean Anouilh, 1944<\/pre>\n\n\n\n<pre class=\"wp-block-preformatted\">Des projets? Des souhaits? <a href=\"http:\/\/phigall.be\/index.php\/contact\/\">Contactez-moi!<\/a><\/pre>\n\n\n\n<div class=\"wp-block-image\"><figure class=\"aligncenter size-medium is-resized\"><img loading=\"lazy\" src=\"http:\/\/phigall.be\/wp-content\/uploads\/2025\/07\/IMG_0946-edited-225x300.jpg\" alt=\"\" class=\"wp-image-512\" width=\"225\" height=\"300\" srcset=\"https:\/\/phigall.be\/wp-content\/uploads\/2025\/07\/IMG_0946-edited-225x300.jpg 225w, https:\/\/phigall.be\/wp-content\/uploads\/2025\/07\/IMG_0946-edited-768x1024.jpg 768w, https:\/\/phigall.be\/wp-content\/uploads\/2025\/07\/IMG_0946-edited-1152x1536.jpg 1152w, https:\/\/phigall.be\/wp-content\/uploads\/2025\/07\/IMG_0946-edited.jpg 1186w\" sizes=\"(max-width: 225px) 100vw, 225px\" \/><\/figure><\/div>\n","protected":false},"excerpt":{"rendered":"<p>Docteure en histoire, sp\u00e9cialiste en histoire des femmes et passionn\u00e9e par les r\u00e9cits de vie; Form\u00e9e en danse classique et contemporaine, inspir\u00e9e par l&#8217;improvisation dans\u00e9e et la cr\u00e9ation chor\u00e9graphique, touch\u00e9e par la m\u00e9thode F.M Alexander et form\u00e9e comme \u00e9ducatrice somatique par le mouvement (Body Mind Centering\u00ae); Artiste textile autodidacte, curieuse, inventive et obstin\u00e9e; M\u00e8re de [&hellip;]<\/p>\n","protected":false},"author":1,"featured_media":0,"parent":0,"menu_order":0,"comment_status":"closed","ping_status":"closed","template":"","meta":{"hide_page_title":""},"_links":{"self":[{"href":"https:\/\/phigall.be\/index.php\/wp-json\/wp\/v2\/pages\/28"}],"collection":[{"href":"https:\/\/phigall.be\/index.php\/wp-json\/wp\/v2\/pages"}],"about":[{"href":"https:\/\/phigall.be\/index.php\/wp-json\/wp\/v2\/types\/page"}],"author":[{"embeddable":true,"href":"https:\/\/phigall.be\/index.php\/wp-json\/wp\/v2\/users\/1"}],"replies":[{"embeddable":true,"href":"https:\/\/phigall.be\/index.php\/wp-json\/wp\/v2\/comments?post=28"}],"version-history":[{"count":25,"href":"https:\/\/phigall.be\/index.php\/wp-json\/wp\/v2\/pages\/28\/revisions"}],"predecessor-version":[{"id":522,"href":"https:\/\/phigall.be\/index.php\/wp-json\/wp\/v2\/pages\/28\/revisions\/522"}],"wp:attachment":[{"href":"https:\/\/phigall.be\/index.php\/wp-json\/wp\/v2\/media?parent=28"}],"curies":[{"name":"wp","href":"https:\/\/api.w.org\/{rel}","templated":true}]}}