{"id":463,"date":"2023-06-14T12:58:03","date_gmt":"2023-06-14T10:58:03","guid":{"rendered":"http:\/\/phigall.be\/?page_id=463"},"modified":"2024-06-03T19:01:51","modified_gmt":"2024-06-03T17:01:51","slug":"agenda-2023-2024","status":"publish","type":"page","link":"https:\/\/phigall.be\/index.php\/agenda-2023-2024\/","title":{"rendered":"Agenda 2023-2024"},"content":{"rendered":"\n<p class=\"has-large-font-size\"><a href=\"https:\/\/www.foyerculturelantoing.be\/enfants\/\" data-type=\"URL\" data-id=\"https:\/\/www.foyerculturelantoing.be\/enfants\/\" target=\"_blank\" rel=\"noreferrer noopener\">Stage &#8211; Au carnaval : danse cr\u00e9ative et arts plastiques<\/a> &#8211; Antoing<\/p>\n\n\n\n<p>Le Carnaval et le Printemps, \u00e7a t&#8217;inspire? Comme une envie de te d\u00e9guiser, de cr\u00e9er, de danser et de faire la f\u00eate? Viens laisser libre cours \u00e0 ton imagination par la cr\u00e9ation de costumes et autres objets textiles et par la danse cr\u00e9ative!<\/p>\n\n\n\n<p>de 4 \u00e0 7 ans<br>4-8 mars 2024 &#8211; de 9h \u00e0 16h<br>90\u20ac prix plein \/ 80\u20ac prix membre<\/p>\n\n\n\n<p><strong>Foyer socioculturel d&#8217;Antoing<\/strong><br>23, Rue du Burg<br>7640 Antoing (Belgique)<\/p>\n\n\n\n<p><\/p>\n\n\n\n<p class=\"has-large-font-size\"><a rel=\"noreferrer noopener\" href=\"https:\/\/culture-beloeil.be\/?page_id=2279\" target=\"_blank\">Stage &#8211; Ateliers Cr\u00e9atifs d&#8217;\u00e9t\u00e9<\/a> &#8211; Beloeil<\/p>\n\n\n\n<p>Cette semaine sera ax\u00e9e sur l\u2019expression corporelle des participants en lien avec leur environnement. Un maximum d\u2019activit\u00e9s se d\u00e9rouleront en ext\u00e9rieur (sauf en cas de m\u00e9t\u00e9o farfelue). Un point d\u2019honneur sera mis, comme d\u2019accoutum\u00e9e, \u00e0 l\u2019\u00e9panouissement et l\u2019expression de chaque enfant, tant individuellement que collectivement. Tout sera fait pour que tous les enfants s\u2019y sentent bien, ne soient pas d\u00e9stabilis\u00e9s et profitent pleinement du stage.&nbsp;Les inscriptions pour les stages d\u2019\u00e9t\u00e9 sont limit\u00e9es afin de privil\u00e9gier un encadrement de qualit\u00e9.&nbsp;R\u00e9servation indispensable !<\/p>\n\n\n\n<p>75\u20ac, pour la semaine et par enfant &#8211; 3-12 ans<\/p>\n\n\n\n<p>21-25 ao\u00fbt 2023 &#8211; 9h-16h<\/p>\n\n\n\n<p>Foyer Culturel de Beloeil<br>Rue Jospeh Wauters 20<br>7972 QUEVAUCAMPS<\/p>\n\n\n\n<p><\/p>\n\n\n\n<p class=\"has-large-font-size\"><strong><a rel=\"noreferrer noopener\" href=\"https:\/\/www.arr\u00eat59.be\/atelier\/fil\/\" target=\"_blank\">Atelier &#8220;Fils&#8221;<\/a><\/strong> &#8211; P\u00e9ruwelz<\/p>\n\n\n\n<p>Cet atelier vous propose de r\u00e9aliser des cr\u00e9ations textiles originales, personnelles et collectives. Nous prendrons le fil \u00e0 pleine main et croiserons diverses techniques traditionnelles pour en inventer des nouvelles. Qu\u2019elles soient grandes ou petites, s\u00e9rieuses ou loufoques, nous concr\u00e9tiserons nos id\u00e9es artistiques dans une ambiance conviviale et bienveillante.<\/p>\n\n\n\n<p>2E\/s\u00e9ance &#8211; d\u00e8s 18 ans<\/p>\n\n\n\n<p>LE MERCREDI DE 10H \u00c0 12H<\/p>\n\n\n\n<p><strong>Arr\u00eat 59<\/strong> Foyer culturel de P\u00e9ruwelz<\/p>\n\n\n\n<p>59, Rue des Fran\u00e7ais  7600 P\u00e9ruwelz<\/p>\n\n\n\n<p><\/p>\n\n\n\n<p class=\"has-large-font-size\"><strong><a rel=\"noreferrer noopener\" href=\"https:\/\/www.maisonculturetournai.com\/agenda\/dansecreative2324\/\" data-type=\"URL\" data-id=\"https:\/\/www.maisonculturetournai.com\/agenda\/dansecreative2324\/\" target=\"_blank\">Atelier &#8220;Danse cr\u00e9ative<\/a><\/strong>&#8221; &#8211; Tournai<\/p>\n\n\n\n<p>Viens d\u00e9velopper ta motricit\u00e9 et explorer la danse comme moyen d\u2019expression. Gr\u00e2ce \u00e0 ton imagination, au mouvement dans\u00e9, tu prends conscience de ton corps, de l\u2019espace qui t\u2019entoure et tu tisses des liens avec les autres.<\/p>\n\n\n\n<p>Dans cet atelier, tu cr\u00e9es tes propres danses, des dialogues que tu partages avec le groupe et tu participes \u00e0 une cr\u00e9ation collective qui sera pr\u00e9sent\u00e9e \u00e0 la f\u00eate des ateliers en fin de saison. Cet atelier te permet de danser, bouger et t\u2019amuser dans la joie et en toute simplicit\u00e9!<\/p>\n\n\n\n<p>110E\/an &#8211; 4-7 ans<\/p>\n\n\n\n<p>LE SAMEDI DE 11h-12h<\/p>\n\n\n\n<p>Maison de la Culture de Tournai<\/p>\n\n\n\n<p>Esplanade George Grard, Avenue des Fr\u00e8res Rimbaut 2&nbsp;7500 Tournai<\/p>\n\n\n\n<p><\/p>\n\n\n\n<p class=\"has-large-font-size\"><strong><a rel=\"noreferrer noopener\" href=\"https:\/\/www.maisonculturetournai.com\/agenda\/lire-ecrire-partager-2324\/\" data-type=\"URL\" data-id=\"https:\/\/www.maisonculturetournai.com\/agenda\/lire-ecrire-partager-2324\/\" target=\"_blank\">Atelier &#8220;Lire, \u00c9crire, Partager<\/a><\/strong>&#8221; &#8211; Tournai<\/p>\n\n\n\n<p>Chaque s\u00e9ance est consacr\u00e9e \u00e0 une th\u00e9matique particuli\u00e8re d\u00e9termin\u00e9e par le groupe et nourrie par les textes \u00e9crits, lus et partag\u00e9s par chacun\u00b7e.<\/p>\n\n\n\n<p>Autour de sujets pass\u00e9s, pr\u00e9sents ou futurs, proches ou lointains, r\u00e9els ou imaginaires, personnels ou collectifs, s\u00e9rieux ou dr\u00f4les : venez prendre le temps d\u2019\u00e9crire, de lire et d\u2019\u00e9changer perceptions et r\u00e9flexions dans un esprit de bienveillance, de confiance et d\u2019ouverture. Le groupe se rencontre autour de l\u2019envie commune d\u2019interroger, d\u2019argumenter, de trouver les mots pour dire et, surtout, pour \u00e9largir notre vision du monde gr\u00e2ce aux rencontres des univers de chacun\u00b7e.<\/p>\n\n\n\n<p>120E\/an &#8211; \u00e0 partir de 16 ans<\/p>\n\n\n\n<p>LE MARDI 18-20h<\/p>\n\n\n\n<p>Maison de la Culture de Tournai<\/p>\n\n\n\n<p>Esplanade George Grard, Avenue des Fr\u00e8res Rimbaut 2&nbsp;7500 Tournai<\/p>\n\n\n\n<p><\/p>\n\n\n\n<p class=\"has-large-font-size\"><strong><a href=\"https:\/\/www.mouvance-asbl.be\/cie-air-neuf\" target=\"_blank\" rel=\"noreferrer noopener\">Compagnie Air Neuf<\/a><\/strong> &#8211; Charleroi<\/p>\n\n\n\n<p>En 2014, Mouvance cr\u00e9ait la Compagnie R9 en r\u00e9f\u00e9rence au c\u00e9l\u00e8bre Ring carolo.&nbsp;<br>Pr\u00e8s de dix ans plus tard, elle rena\u00eet de ses cendres et se nomme d\u00e9sormais AirNeuf!&nbsp;<\/p>\n\n\n\n<p>La Compagnie AirNeuf est une compagnie de danse pour amateurs. Elle se con\u00e7oit comme un terrain de d\u00e9veloppement et d\u2019expression d\u2019une conscience citoyenne. L\u2019objectif est de cr\u00e9er, par le biais de la danse, une v\u00e9ritable collectivit\u00e9 investie dans une d\u00e9marche de citoyennet\u00e9 active.&nbsp;<strong>Destin\u00e9e aux filles et gar\u00e7ons, ronds et minces, novices et mordus, et sans limite d\u2019\u00e2ge, la danse contemporaine a la vertu de rassembler les gens et les genres.<\/strong>&nbsp;C\u2019est par ce biais, qu\u2019ensemble, les membres du collectif sont invit\u00e9s \u00e0 s\u2019engager dans une r\u00e9flexion citoyennne et la cr\u00e9ation d\u2019actions artistiques publiques.<\/p>\n\n\n\n<p><strong>En 2023-2024, la Compagnie AirNeuf s\u2019interroge sur la question de la diversit\u00e9 de nos corps dans l\u2019espace public.<\/strong>&nbsp;Qui sommes-nous? Qu\u2019est-ce qui nous distingue et nous rassemble? Quelle place nos corps, dans toute leur diversit\u00e9, prennent-ils dans l\u2019espace public? Comment pourrions-nous davantage investir l\u2019espace public par notre pr\u00e9sence et notre corpor\u00e9it\u00e9?<\/p>\n\n\n\n<p>La Compagnie AirNeuf se regroupe deux dimanche par mois de septembre \u00e0 juin, de 10h30 \u00e0 16h30 (pause pic-nic de 12h30 \u00e0 13h30), dans diff\u00e9rents lieux \u00e0 Charleroi.<\/p>\n\n\n\n<p><strong>Tu danses depuis toujours? Tu ne danses pas mais \u00e7a te tente d\u2019essayer?<\/strong><\/p>\n\n\n\n<p>Bienvenue \u00e0 toi!<\/p>\n\n\n\n<p>Tu peux y participer un jour ou toute l\u2019ann\u00e9e,&nbsp;<br>Tu peux nous rejoindre en cours d\u2019ann\u00e9e,<br>Tu peux juste venir essayer,<br>Tu peux t\u2019y engager pleinement, d\u00e8s maintenant!<\/p>\n\n\n\n<p>C\u2019est ouvert \u00e0 tous et toutes&nbsp;<br>et c\u2019est gratuit !&nbsp;<\/p>\n\n\n\n<p>Charleroi &#8211; diff\u00e9rents lieux<\/p>\n\n\n\n<p>10 et 17 septembre 2023<br>1 et 15 octobre 2023<br>12 et 19 novembre 2023<br>3 et 10 d\u00e9cembre 2023<br>14 et 21 janvier 2024<br>4 et 11 f\u00e9vrier 2024<br>10 et 17 mars 2024<br>14 et 21 avril 2024<br>19 et 26 mai 2024<br>9 et 16 juin 2024&nbsp;<\/p>\n\n\n\n<p>Inscription via ce <a href=\"https:\/\/forms.gle\/dUaLjLwyZDbffZZP9\">formulaire<\/a><\/p>\n\n\n\n<p><\/p>\n\n\n\n<p class=\"has-large-font-size\"><strong><a rel=\"noreferrer noopener\" href=\"https:\/\/www.foyerculturelantoing.be\/enfants\/\" target=\"_blank\">Stage d&#8217;Automne &#8211; Quartier libre : danse et arts plastiques<\/a><\/strong> &#8211; Antoing<\/p>\n\n\n\n<p>Plongeons au coeur de nos villes et villages imaginaires en croisant arts textiles et mouvements ! Nous jouerons avec tissus, laines, fils, ficelles et divers objets de r\u00e9cup\u00e9ration pour cr\u00e9er des quartiers miniatures. Ensemble, ils formeront une oeuvre commune. En alternance avec ces moments d&#8217;arts textiles, nous voyagerons dans nos imaginaires par la danse et le mouvement spontan\u00e9. Par le croisement de ces diff\u00e9rentes approches, nous explorerons et partagerons nos propres mani\u00e8res de voir le monde et de nous y mouvoir. Qu&#8217;ils soient miniatures ou grandeur nature, nos univers seront surtout des lieux o\u00f9 il fait bon vivre !<\/p>\n\n\n\n<p><strong>Du lundi 23 au vendredi 27 octobre<\/strong><\/p>\n\n\n\n<p>De 4 \u00e0 7 ans<br>De 9h \u00e0 16h<br>Au Foyer socioculturel d&#8217;Antoing &#8211; 23, Rue du Burg \u2013 7640 Antoing<br>Non membres 90\u20ac \/ Membres 80\u20ac la semaine<\/p>\n","protected":false},"excerpt":{"rendered":"<p>Stage &#8211; Au carnaval : danse cr\u00e9ative et arts plastiques &#8211; Antoing Le Carnaval et le Printemps, \u00e7a t&#8217;inspire? Comme une envie de te d\u00e9guiser, de cr\u00e9er, de danser et de faire la f\u00eate? Viens laisser libre cours \u00e0 ton imagination par la cr\u00e9ation de costumes et autres objets textiles et par la danse cr\u00e9ative! [&hellip;]<\/p>\n","protected":false},"author":1,"featured_media":0,"parent":0,"menu_order":0,"comment_status":"closed","ping_status":"closed","template":"","meta":{"hide_page_title":""},"_links":{"self":[{"href":"https:\/\/phigall.be\/index.php\/wp-json\/wp\/v2\/pages\/463"}],"collection":[{"href":"https:\/\/phigall.be\/index.php\/wp-json\/wp\/v2\/pages"}],"about":[{"href":"https:\/\/phigall.be\/index.php\/wp-json\/wp\/v2\/types\/page"}],"author":[{"embeddable":true,"href":"https:\/\/phigall.be\/index.php\/wp-json\/wp\/v2\/users\/1"}],"replies":[{"embeddable":true,"href":"https:\/\/phigall.be\/index.php\/wp-json\/wp\/v2\/comments?post=463"}],"version-history":[{"count":12,"href":"https:\/\/phigall.be\/index.php\/wp-json\/wp\/v2\/pages\/463\/revisions"}],"predecessor-version":[{"id":479,"href":"https:\/\/phigall.be\/index.php\/wp-json\/wp\/v2\/pages\/463\/revisions\/479"}],"wp:attachment":[{"href":"https:\/\/phigall.be\/index.php\/wp-json\/wp\/v2\/media?parent=463"}],"curies":[{"name":"wp","href":"https:\/\/api.w.org\/{rel}","templated":true}]}}